{"id":166,"date":"2025-03-13T16:27:10","date_gmt":"2025-03-13T14:27:10","guid":{"rendered":"https:\/\/tuomasharjusdp.fi\/?page_id=166"},"modified":"2025-04-01T23:22:31","modified_gmt":"2025-04-01T21:22:31","slug":"artikkelit","status":"publish","type":"page","link":"https:\/\/tuomasharjusdp.fi\/index.php\/artikkelit\/","title":{"rendered":""},"content":{"rendered":"\n<h2 class=\"wp-block-heading has-xx-large-font-size\">Artikkelit<\/h2>\n\n\n\n<p><a href=\"https:\/\/tuomasharjusdp.fi\/index.php\/artikkelit\/nakemykseni-itaisesta-kaupunkibulevardista\">N\u00c4KEMYKSENI IT\u00c4ISEST\u00c4 KAUPUNKIBULEVARDISTA<\/a><\/p>\n\n\n\n<p>SDP:n 10 keinoa pienten yritysten tilanteen helpottamiseksi: <a href=\"https:\/\/www.sdp.fi\/10-keinoa\/\" data-type=\"link\" data-id=\"https:\/\/www.sdp.fi\/10-keinoa\/\">sdp.fi\/10-keinoa<\/a><\/p>\n\n\n\n<p><\/p>\n","protected":false},"excerpt":{"rendered":"<p>Artikkelit N\u00c4KEMYKSENI IT\u00c4ISEST\u00c4 KAUPUNKIBULEVARDISTA SDP:n 10 keinoa pienten yritysten tilanteen helpottamiseksi: sdp.fi\/10-keinoa<\/p>\n","protected":false},"author":2,"featured_media":0,"parent":0,"menu_order":0,"comment_status":"closed","ping_status":"closed","template":"","meta":{"footnotes":""},"class_list":["post-166","page","type-page","status-publish","hentry"],"_links":{"self":[{"href":"https:\/\/tuomasharjusdp.fi\/index.php\/wp-json\/wp\/v2\/pages\/166","targetHints":{"allow":["GET"]}}],"collection":[{"href":"https:\/\/tuomasharjusdp.fi\/index.php\/wp-json\/wp\/v2\/pages"}],"about":[{"href":"https:\/\/tuomasharjusdp.fi\/index.php\/wp-json\/wp\/v2\/types\/page"}],"author":[{"embeddable":true,"href":"https:\/\/tuomasharjusdp.fi\/index.php\/wp-json\/wp\/v2\/users\/2"}],"replies":[{"embeddable":true,"href":"https:\/\/tuomasharjusdp.fi\/index.php\/wp-json\/wp\/v2\/comments?post=166"}],"version-history":[{"count":4,"href":"https:\/\/tuomasharjusdp.fi\/index.php\/wp-json\/wp\/v2\/pages\/166\/revisions"}],"predecessor-version":[{"id":332,"href":"https:\/\/tuomasharjusdp.fi\/index.php\/wp-json\/wp\/v2\/pages\/166\/revisions\/332"}],"wp:attachment":[{"href":"https:\/\/tuomasharjusdp.fi\/index.php\/wp-json\/wp\/v2\/media?parent=166"}],"curies":[{"name":"wp","href":"https:\/\/api.w.org\/{rel}","templated":true}]}}